the prime factors of 24/(-18)*84759/(-38)?
2, 1487
Suppose -11628 = -9*y + 9252. List the prime factors of y.
2, 5, 29
Let p(t) = 9*t**2 + 15*t + 114. List the prime factors of p(-13).
2, 3, 5
Suppose 0 = 14*z - 12*z + 16. What are the prime factors of z/(-44) - 595/(-55)?
11
Suppose -5*i = -l - 15303, 0 = -4*i + 40*l - 43*l + 12231. What are the prime factors of i?
2, 3, 5, 17
Let r be (-5)/(-6) - 8/(-48). List the prime factors of (0 - 42 - r)/((-1)/2).
2, 43
Suppose 260 = 5*v + 4*k, -v - 5*k + 0*k = -73. List the prime factors of ((-4864)/v)/(2/(-3)).
2, 19
Let g = -54 + 46. Let b(o) = 2*o**2 - 2. List the prime factors of b(g).
2, 3, 7
Let q(p) = -98*p + 8. Let a be q(-5). Suppose a = 24*j - 21*j. List the prime factors of j.
2, 83
Let w(y) = 2*y + 6. Let f be w(-3). Suppose 4*p - 4*t + 0 = 8, f = -4*t + 12. Suppose 0 = -h - p, -i - 4*h + 40 + 8 = 0. List the prime factors of i.
2, 17
Let m(n) be the second derivative of n**7/840 - n**5/60 - n**3/3 + 2*n. Let p(u) be the second derivative of m(u). List the prime factors of p(3).
3, 7
Let d(o) = -o**2 - 2*o + 5. Let k be d(0). Suppose 4*u - 507 = -0*u - k*a, 3*u - 381 = -3*a. What are the prime factors of u?
2
Suppose -4810 = -4*m - 2*y, -4*y + 2411 = 2*m - 9*y. What are the prime factors of m?
3, 401
Suppose 23*o - 40*o = -13226. List the prime factors of o.
2, 389
Let u = 66 + -51. Suppose u*z - 66 - 24 = 0. List the prime factors of z.
2, 3
Suppose 0 = u - 3*g - 6, -5*u + 4*g + 30 = -0*u. Let d be u/(-39) - 82/(-26). Let l = 14 - d. What are the prime factors of l?
11
Suppose 32*n - 3999 = 2305. What are the prime factors of n?
197
Let h(o) = -10*o + 209. What are the prime factors of h(0)?
11, 19
Suppose 6 = -4*x + 14. Suppose 0 = 3*j + x*j - 10. What are the prime factors of (j/(-3))/((-22)/231)?
7
Let w(d) = 5*d**2 - 33*d + 23. List the prime factors of w(13).
439
Let v(q) = 130*q. Let b be v(3). Let w be 2/(-8) + b/24. Let m = w + 11. List the prime factors of m.
3
Let b(y) = 2 - 5 - 4*y + 2*y + 8*y. List the prime factors of b(3).
3, 5
Let g be (-177)/30*-2 + 4/20. What are the prime factors of 14*(-114)/4*(-4)/g?
7, 19
List the prime factors of ((-10992)/(-10))/(4/10).
2, 3, 229
Let h = -9 - -5. Let c be 0/2 - (1 + h). Suppose 2*l - u - 5 - 4 = 0, c*l - 2*u - 13 = 0. What are the prime factors of l?
5
Let g = -29 - -31. Suppose -6*y = -4*y. Suppose -g*c + 0 + 36 = y. What are the prime factors of c?
2, 3
Let c = -70 + 157. Let k be (-10)/(-25) + 36/10. Suppose k*b = b + c. What are the prime factors of b?
29
Suppose -5*a + 27 = 2. Suppose -5*s + 0 = -a. Let o = 9 - s. What are the prime factors of o?
2
Suppose 2*t + 5 - 21 = 0. Suppose -1374 = -t*u + 426. List the prime factors of u.
3, 5
Let n be (8/3 - -4) + 4/(-6). Suppose -5*f + 2*d = -653, 0 = n*f - 3*f + 5*d - 367. List the prime factors of f.
3, 43
What are the prime factors of (1 - 41)/(56/(-1372))?
2, 5, 7
Let t(f) = -2*f**3 - 11*f**2 - 12*f - 12. List the prime factors of t(-6).
2, 3
Let w = 625 + -621. Suppose 0 = 5*p + 4*d - 7*d - 631, -p - 2*d = -121. Suppose t + t + 4*n - 58 = 0, -n - p = -w*t. What are the prime factors of t?
31
Let g(b) = -40*b + 32. What are the prime factors of g(-3)?
2, 19
Suppose 5*b = -z + 848, 0*z = -z + 5*b + 848. What are the prime factors of z?
2, 53
Suppose 0 = 2*c - 2*f - 4, 3*c + 5*f - 30 = -2*c. Suppose -q = c - 6. Suppose 183 + q = 5*y. What are the prime factors of y?
37
Suppose -2*z = 25 + 57. Let h = -35 - z. List the prime factors of (-16)/h*(-12)/16.
2
Let l(b) = b**2 + b - 27. Let i be l(-6). Suppose 9 = i*j, 5*r - 33 = 2*j + 551. List the prime factors of r.
2, 59
Suppose -28*x = -8*x + 160. Let t(d) = 5*d**2 + 10*d. What are the prime factors of t(x)?
2, 3, 5
Suppose 28*i = 26*i + 298. List the prime factors of i.
149
What are the prime factors of 4930/12 + 1/6?
3, 137
Let l be (-1 - (1 - 5))*1. Suppose 576 = l*f + f. What are the prime factors of f?
2, 3
Let k(n) = -n**3 + 21*n**2 - 14*n + 50. What are the prime factors of k(16)?
2, 7, 79
Let z(g) = -2*g**2 + 21*g - 10. Let w be z(10). Suppose w = -3*n - y + 479, -2*n = -y + 23 - 344. What are the prime factors of n?
2, 5
Suppose 376 = -3*u - 1184. Let i = u + 782. List the prime factors of i.
2, 131
Let q = 135 - 8. Suppose -6*n = -11 - q. What are the prime factors of n?
23
Suppose -9*t + 2180 = t. Suppose 2*g + 4*f - 442 = 0, 0*f + t = g + f. List the prime factors of g.
5, 43
Let n be -1*(-10)/(4 + -1 + -1). Suppose 2*r = n*m + 287, 380 = 3*r - m - 31. List the prime factors of r.
2, 17
Suppose 4*h + u - 9 - 5 = 0, -h + 3*u = 3. List the prime factors of 916/5 - h/15.
3, 61
Let k be ((-1)/((-4)/(-4))*-123)/1. What are the prime factors of k/(-2)*(-14)/21?
41
Let m(d) be the first derivative of 1/4*d**4 + 5/2*d**2 - 8 - 5*d - 1/3*d**3. List the prime factors of m(4).
3, 7
Let u(g) = -g**3 + 8*g**2 - 6. Let c be u(6). Let v be (-16)/24 - 34/(-6). Suppose -v*o - 11 = -c. List the prime factors of o.
11
What are the prime factors of (-12)/32 - -11099*(-3)/(-24)?
19, 73
Suppose -732 = -4*g + g. Suppose 4*w - g = 16. Suppose 0 = 3*z - n - 60, 4*z - w - 15 = 3*n. What are the prime factors of z?
2, 5
Let x(s) = 42*s - 133. List the prime factors of x(37).
7, 29
What are the prime factors of ((-3479)/21)/(2/(-6))?
7, 71
Let y be ((-3)/(-1) - 4)*(-8 - -5). List the prime factors of (-14)/42 + 706/y.
5, 47
Let s be (1 - (0 - 2))/1. Suppose -132 = -m - s*m. Suppose 2*b - m = 13. List the prime factors of b.
23
Let w(j) be the first derivative of -7*j**3/6 - 9*j**2/2 + 2*j - 3. Let a(x) be the first derivative of w(x). What are the prime factors of a(-3)?
2, 3
Let q = 6 - 5. Let d(p) = 9*p**2 - p**3 + q - 10*p**2 + 2. What are the prime factors of d(0)?
3
What are the prime factors of 8 + (615 - (7 + -2))?
2, 3, 103
Suppose 1 + 15 = 3*z - 5*a, 4*z = -a + 6. Suppose -g = -z, -8*o - 4*g = -3*o - 13. List the prime factors of 2 + (-4 + o - -7).
2, 3
Let r(c) = c**3 + 26*c**2 + 24*c + 56. What are the prime factors of r(-22)?
2, 3, 61
Let r(q) = -q**2 + q. Let i(y) = 4*y**2 - 14*y + 6. Let a(h) = -i(h) - 6*r(h). What are the prime factors of a(-7)?
2, 3
Suppose 3*d = -0*f - 4*f - 27, -3*f - d - 19 = 0. List the prime factors of 1 + 23 + f + 2.
2, 5
Let t = 1600 - 956. What are the prime factors of t?
2, 7, 23
Suppose f = -2*f, 0 = 2*t - 2*f - 60. List the prime factors of t.
2, 3, 5
Let x(l) = -l**2 + 6*l - 2. Let z be x(3). Let q(f) = -4*f + 53. Let k be q(7). Let t = k + z. List the prime factors of t.
2
Let t(v) = -v**3 - 26*v**2 + 25*v - 39. Let u be t(-27). What are the prime factors of u/10*((-1144)/6)/(-2)?
11, 13
Suppose -4*a + 3*c = -13160, 2*a - c - 2649 = 3929. List the prime factors of a.
19, 173
Suppose -20*o - z = -21*o + 259, -4*o - z = -1056. List the prime factors of o.
263
Let u(y) = 370*y**2 - 7*y + 8. List the prime factors of u(1).
7, 53
Let a(t) = 4*t**2 + 3*t + 1. Let q(f) = -15*f**2 - 12*f - 5. Let u(y) = 9*a(y) + 2*q(y). What are the prime factors of u(4)?
107
Suppose 35*r - 43139 + 11639 = 0. What are the prime factors of r?
2, 3, 5
Let s(x) = -4*x + 177. Let k = -90 + 90. List the prime factors of s(k).
3, 59
List the prime factors of (-31784)/(-12) + 21/63.
3, 883
Suppose -3*o = -7*o + 200. Suppose 79 = 4*f + l, 5*f + 5*l - 45 = o. What are the prime factors of f?
2, 5
Let n(x) = -9*x**3 - x**2 - 1. Let f be n(2). Let l = f - -109. Let t = l + -13. What are the prime factors of t?
19
Suppose 9*o = 2384 + 18667. List the prime factors of o.
2339
Suppose u + 111 - 790 = 0. What are the prime factors of u?
7, 97
Suppose 2*j + a + 2*a - 1319 = 0, 2*j = 3*a + 1313. Let g = j - 379. List the prime factors of g.
3, 31
Let l(c) = 4*c**2 - 4*c + 21. Let h be l(6). List the prime factors of (h + -3)/(-1*9/(-6)).
2, 23
Let s(i) = -i**2 + 4*i + 10. Let o be s(4). Let v = 5 + o. Suppose 9*q + v = 12*q. List the prime factors of q.
5
List the prime factors of (1210 + 6 - -3)/((-5)/(-5)).
23, 53
Suppose -4*w + 0*w = 4. Let u be (0 + 1)*w - -3. Suppose u*s = -52 + 178. What are the prime factors of s?
3, 7
Suppose s + s = 0. Suppose 2*f + s*x = -x - 40, -5*f = -3*x + 122. Let g = f - -56. List the prime factors of g.
2, 17
Suppose -4 = -m + 16. Let c = -24 - -28. Suppose -5*g - 5*f = -175 + m, -g = -c*f - 11. What are the